896. What are the prime factors of o?
3, 1373
Suppose 5*f - 6559 = 2*j, -4*f + 5*j = -5*f + 1301. What are the prime factors of f?
3, 19, 23
List the prime factors of (-96)/192 - 78*201/(-12).
2, 653
Suppose 0*x + 3*x - 3 = -2*d, 3*x - 3 = 5*d. Let z be (4/(-4) + -2)*x. List the prime factors of 1 - z/(6/4).
3
Let o(m) = -m**3 - 10*m**2 + 13*m + 20. Let x be o(-11). What are the prime factors of (-302)/x - 5*(-3)/15?
2, 19
Suppose -4*t + 3 = -3*t, v - 12 = -4*t. Suppose -u - 2*u = 4*y - 47, 3*u + y - 32 = v. What are the prime factors of u?
3
Suppose 0*q - 1752 = -3*l - 3*q, -5*l + 5*q = -2940. List the prime factors of l.
2, 293
Suppose -4*l = -3*v - 15, 2*v - v + 5 = 0. Suppose -2*n = -5*p + 28 - 267, -2*p + 6 = l. What are the prime factors of n?
127
Suppose 27*h - 10 = 32*h, 7060 = 3*b - 2*h. List the prime factors of b.
2, 3, 7
Suppose -2*s + 3*s = -2, -3*f + 2*s = -1729. What are the prime factors of f?
5, 23
What are the prime factors of (-2)/(-7) - 457215/(-357)?
3, 7, 61
Let x = -11 - -11. Suppose 0 = -s - x + 12. What are the prime factors of s?
2, 3
Let w be 6/(-21) - 36/(-28). List the prime factors of (50/(-5))/(w/(-15)).
2, 3, 5
Let t(y) = 2*y - 4. Suppose -10 = 5*c, 0 = 4*d - 0*d + 3*c - 10. Let w be t(d). Suppose 2*h + w*u - 42 - 4 = 0, 5*h - 45 = 4*u. What are the prime factors of h?
13
Let c(p) = -p**2 - 12*p + 13. Let u be -4*(-3)/(-6)*6. What are the prime factors of c(u)?
13
Let f(w) = 112*w**2 - 9*w - 93. What are the prime factors of f(-6)?
3, 11
Let x(c) = -919*c + 265. What are the prime factors of x(-4)?
7, 563
Let s = 3640 + -2568. What are the prime factors of s?
2, 67
Suppose i + 4*f - 1684 = 0, -3*f = 4*i - 5824 - 964. List the prime factors of i.
2, 5, 17
Suppose 0 = -4*d + 8 - 0. Suppose g + 3 = 0, 0*l = d*l - 4*g - 4. What are the prime factors of 27 - (-3 - (0 + l))?
2, 13
Suppose -7537 = -14*q + 723. Suppose y = -9*y + q. List the prime factors of y.
59
Suppose -7120 = 146*q - 156*q. What are the prime factors of q?
2, 89
Suppose -20 = -3*u - 2*u. What are the prime factors of 2 + -5 + (87 - u)?
2, 5
Let n = 5 + -5. Suppose n = 3*a + a - 12. Suppose a*v - 335 = -5*b - v, -68 = -b - v. List the prime factors of b.
3, 7
Suppose -9*z = -5*z + l - 5705, 3*z = -l + 4280. List the prime factors of z.
3, 5, 19
Suppose 4*b = -2*b. Suppose 4*f - 2*f - 5*y - 314 = b, 4*f = 3*y + 614. List the prime factors of f.
2, 19
List the prime factors of -4 - 42/(-5 - -2).
2, 5
Let c(g) be the first derivative of 2*g**3/3 - 4*g**2 + 12*g + 10. What are the prime factors of c(5)?
2, 11
Suppose -3*c = -2*m + 1316, -5*m + 2*c + 4141 = 862. What are the prime factors of m?
5, 131
Let z(f) = 2*f**3 - 11*f**2 - 4*f - 6. Let q be 1*(45/5 - 3). What are the prime factors of z(q)?
2, 3
Suppose 0 = -11*j + 34*j - 43056. List the prime factors of j.
2, 3, 13
Let l = 76 + 80. Suppose -36*s = -34*s - l. List the prime factors of s.
2, 3, 13
Suppose -d + 3 = 2*d. List the prime factors of (89/(-2))/(d/(-2)).
89
Suppose 6*f - 16 - 20 = 0. List the prime factors of -3 + 12/f - -71*1.
2, 5, 7
Suppose -6*c = 3*a - 3*c - 561, 0 = 3*a - c - 553. What are the prime factors of a?
5, 37
List the prime factors of (-1432)/(-10) - 24/120.
11, 13
Let b(z) = z**3 + 6*z**2 + 3*z - 6. Let p be b(-5). Suppose -4*h - 14 = o + p, -90 = 5*o + 4*h. List the prime factors of o + 14 + 23*1.
19
Suppose -3*t + 314 = 2*y, 3*y - 3*t = 4*y - 151. Suppose x + 1 = 0, 3*d + 2*x - y = -0*x. List the prime factors of d.
5, 11
Suppose -4*d + 5*y = -31 - 22, -40 = -3*d + 4*y. List the prime factors of (d/10)/(-1 + 43/40).
2
Let v(s) = -2*s**2 + 19*s + 23. Let g be v(13). Let c = 15 - g. List the prime factors of c.
83
Let h be -14*(-8)/(-16)*(-12)/(-2). List the prime factors of 6/h*-1 + 1328/14.
5, 19
What are the prime factors of 34/10 + 27/225*5?
2
Let h be (-3 - 6)*(0 - (-11)/(-3)). Suppose -3*t = z - 5*t - 23, -4*t - h = -z. What are the prime factors of z?
13
Suppose 0 = 5*v + 135 + 85. Let y = 69 + v. List the prime factors of y.
5
Let p = -8 + -23. Let l = 49 + p. Suppose l*i - 13*i = 195. List the prime factors of i.
3, 13
Let d(z) = -2*z**2 - 3*z + 3. Let v be d(1). What are the prime factors of (v - -12)/2 - -3?
2
Let q be 1 + (-2 - -1 - -3). Suppose -2*n = -q*n + 110. List the prime factors of n.
2, 5, 11
Let r(s) = 3*s**3 - 13*s**3 + 6*s**3 + 14*s**2 - 12*s + 3*s**3. What are the prime factors of r(12)?
2, 3
Let b(r) = 11*r**2 - 7*r + 258. List the prime factors of b(13).
2, 1013
Suppose -24 = -3*l + 7*l. Let w(d) = -d - 1. Let b(f) = 3*f - 2. Let j(v) = b(v) + 6*w(v). List the prime factors of j(l).
2, 5
Let m(p) = -13 + 15*p + 9 + 2. Let v be m(-1). Let l = -6 - v. What are the prime factors of l?
11
Let d = 211 + 97. Suppose 0 = 4*n - 2*b - 20, -n - 13*b + 10 = -11*b. Suppose 2*s = -4*r + d, -14 - n = 5*s. List the prime factors of r.
79
Let w(l) = 22*l**2 + 22*l - 70. List the prime factors of w(7).
2, 7, 83
List the prime factors of (30/(-9))/(-2) + (-86905)/(-39).
2, 5, 223
Let w(j) = 28*j**2 - 3*j + 6. List the prime factors of w(4).
2, 13, 17
Suppose 2*o - 31 - 3 = 0. Suppose o*i + 38 = 16*i. Let d = -16 - i. List the prime factors of d.
2, 11
Let g be -1 + 2 + 5 - -3. Let n(i) = -i**2 + 17*i - 7. What are the prime factors of n(g)?
5, 13
Let z(d) be the second derivative of -d**5/20 + 3*d**4/4 - 2*d**3/3 - 5*d**2/2 - 6*d. List the prime factors of z(5).
3, 5
Let o(t) = 8*t + 4. Let n be 2/18*3*15. List the prime factors of o(n).
2, 11
Let v = 2 - -2. Let y(d) = d - 19. Let c(k) = 2*k - 56. Let b(f) = -6*c(f) + 17*y(f). What are the prime factors of b(v)?
3, 11
Let f(i) = i**2 + i - 9. Let a be f(-7). Suppose -4*n + 5*n - 124 = -4*p, -536 = -5*n + p. Let x = n - a. What are the prime factors of x?
3, 5
Suppose 3*f - 1046 = -k, 2*k + 3*k + f - 5258 = 0. What are the prime factors of k?
2, 263
Let s = 570 + -294. List the prime factors of (40/(-12))/((-4)/s).
2, 5, 23
Let u = -102 + 65. Let b = 104 + u. What are the prime factors of b?
67
Suppose -4*k + 1167 = 219. Suppose -3*w + k = -5*p, 2*w - 177 = -p - 2*p. List the prime factors of w.
2, 3, 7
Let l(v) = 8*v - 12. Let u be 22*(3 - 10/4). Let s be l(u). Let k = 110 - s. List the prime factors of k.
2, 17
What are the prime factors of 16/(2 + 23/(-12))?
2, 3
Let t = -170 - -304. Let o = t + -89. List the prime factors of o.
3, 5
Let g = 244 - 102. Let t = 243 - g. List the prime factors of t.
101
Suppose -5*j - 1 = -y, 3*y + 4*j - 21 = j. Suppose -2*a = -y + 4. What are the prime factors of a/3 + (-512)/(-12)?
43
Let b(s) = -257*s**3 - 3*s - 4. What are the prime factors of b(-1)?
2
Let j(c) = -2*c + 18. Let b be j(9). Suppose 10*m = -b*m + 380. List the prime factors of m.
2, 19
Let b = 101 + -49. Let m be 8/(-12)*126/4. Let v = b + m. List the prime factors of v.
31
Let v be 4*(116/(-16) - -3). Let s = -35 - -20. Let z = s - v. What are the prime factors of z?
2
Let s = 790 + -638. List the prime factors of s.
2, 19
Let c = -7 + 10. Let o be (-1)/c + 13/3. Suppose 56 = o*z + 4*r, 2*z + 5*r = z - 2. List the prime factors of z.
2, 3
Let s(a) = 11*a**2 - 9*a + 3. Let i = 39 - 42. What are the prime factors of s(i)?
3, 43
Suppose 13*p = 21 - 8. Let o(l) = 3*l - 2. Let j be o(-5). List the prime factors of j/(-3 + 2)*p.
17
Let u(a) = a**3 + a**2 - a + 3. Let y be u(0). Suppose -2*q = -6*t + y*t - 135, 4*q - 4*t - 280 = 0. List the prime factors of q/3 - 8/(-2).
29
Let l(z) = -z**2 + 8*z - 1. Let r be ((-2)/3)/(1/(-9)). Let q be l(r). Suppose f - 8 = -k - k, -f + q = k. What are the prime factors of f?
2, 7
Suppose -6*q + 24 = -12. Let m(y) = -y**2 + 12*y - 6. Let s be m(q). What are the prime factors of ((-885)/s)/((-1)/2)?
59
Let f(b) = b**3 - 6*b**2 - 2*b + 1. Let q(s) = s**3 - 7*s**2 - 2*s + 1. Let i(u) = 6*f(u) - 5*q(u). List the prime factors of i(3).
13
Let v(s) be the second derivative of s**5/20 - 5*s**4/6 - s**3 - 7*s**2/2 - 2*s. Let o be v(11). Suppose 2*u - o = u. List the prime factors of u.
2, 3
What are the prime factors of 2 - 9 - (3 - (988 - 2))?
2, 61
Let o(a) be the third derivative of a**4/24 + a**3/3 + 6*a**2. Let j be o(4). List the prime factors of j/2*161/21.
23
What are the prime factors of (14 + -8)/((-7)/((-13076)/8))?
3, 467
Suppose -286 = -5*t + 369. What are the prime factors